*n**2 - 5*n - 10. Determine b(7).
4
Let m(x) = -x**2 + x + 9. Calculate m(4).
-3
Let g(i) = i**3 - 18*i**2 + 18*i - 33. What is g(17)?
-16
Let w(p) = -p + 23. Determine w(14).
9
Let r(u) = u**3 - 10*u**2 + 2*u + 5. Give r(10).
25
Let l(u) = u**2 - 54*u + 647. Determine l(17).
18
Let z(g) = -g**2 - 2*g - 2. Calculate z(-9).
-65
Let g(y) = y**3 - 13*y**2 + 18*y + 5. Give g(12).
77
Let o(l) = -l**2 - 5*l - 6. Calculate o(-3).
0
Let y(p) = -2*p**3 - 8*p**2 + 9*p - 5. Determine y(-5).
0
Let s(j) = j**2 + 8*j - 11. Give s(-7).
-18
Let n(m) = -m**3 + 14*m**2 + 31*m - 11. What is n(16)?
-27
Let l(q) = 3*q**2 + 11*q - 35. Determine l(-11).
207
Let n(j) = 44*j - 120. Determine n(3).
12
Let v(g) = -g**2 - 8*g - 13. Give v(-9).
-22
Let b(w) = -w**3 + 8*w**2 - 9*w + 9. Determine b(7).
-5
Let x(c) = 6*c - 3. Calculate x(-3).
-21
Let k(a) = -9*a**3 + 3*a**2 + 3*a + 2. Calculate k(-2).
80
Let b(q) = 2*q + 12. Calculate b(-9).
-6
Let x(t) = -t**2 - 4*t + 8. Give x(2).
-4
Let i(t) = 2*t**2 + 29*t + 52. Give i(-13).
13
Let y(h) = 2*h - 1. Determine y(3).
5
Let k(o) = o**2 - 48*o + 384. Give k(38).
4
Let c(d) = d**2 - 17*d - 6. What is c(15)?
-36
Let b(r) = r**3 - 15*r**2 + r - 11. Give b(15).
4
Let j(b) = -96*b - 387. Determine j(-4).
-3
Let p(j) = -j**3 + 16*j**2 + 5*j - 92. Determine p(16).
-12
Let d(i) = -6*i + 9. What is d(3)?
-9
Let p(c) = -c**3 + c**2 + 6*c + 2. What is p(-3)?
20
Let p(w) = w. Calculate p(8).
8
Let p(i) = -i**2 - 6*i + 3. What is p(-6)?
3
Let n(u) = u**2 + 9*u - 1. What is n(-6)?
-19
Let s(k) = -k - 12. What is s(-8)?
-4
Let u(y) = -y - 10. Give u(3).
-13
Let p(x) = x**3 - 6*x**2 - 12*x - 1. What is p(7)?
-36
Let j(l) = -l - 32. Calculate j(-13).
-19
Let w(p) = -32*p**3 + p**2 + p - 2. Determine w(1).
-32
Let x(q) = -6*q + 9. What is x(7)?
-33
Let a(s) = 18*s**3 - s**2 - 7*s - 5. Calculate a(-1).
-17
Let k(w) = 14*w + 43. What is k(-4)?
-13
Let c(q) = q**3 + 25*q**2 - 23*q + 81. Give c(-26).
3
Let t(i) = i**2 - 13*i + 9. What is t(6)?
-33
Let j(q) = q**3 + 4*q**2 - 6*q - 10. Calculate j(-4).
14
Let r(w) = 8*w**2 + 273*w + 41. Determine r(-34).
7
Let q(a) = -a**2 + 13*a - 28. Give q(10).
2
Let c(b) = -4*b + 9. What is c(-10)?
49
Let l(d) = -d**2 - 5*d + 3. Give l(-3).
9
Let g(w) = w**2 + w + 1. Determine g(-3).
7
Let o(p) = -7*p - 21. Calculate o(-3).
0
Let o(v) = v**2 - 13*v + 49. Give o(9).
13
Let n(k) = 2*k - 7. What is n(6)?
5
Let a(q) = q**3 + 6*q**2 + q. What is a(-6)?
-6
Let d(t) = t**2 + 12*t + 13. Give d(-11).
2
Let x(f) = f**3 + 8*f**2 - 2*f - 8. Give x(-8).
8
Let t(v) = -7*v**2 + 4*v - 1. Give t(1).
-4
Let v(n) = n**3 + 8*n**2 - 8*n + 13. Determine v(-9).
4
Let m(t) = -t**3 + 8*t**2 + 3*t + 4. Calculate m(6).
94
Let q(v) = 7*v - 15. Give q(6).
27
Let h(w) = -34*w + 6. Determine h(1).
-28
Let c(l) = -l**3 - 3*l**2 + 5*l - 4. Calculate c(-6).
74
Let c(k) = -k**2 + 12*k + 7. What is c(12)?
7
Let a(w) = 6*w**2 - 104*w + 12. Determine a(17).
-22
Let i(u) = u**2 + 20*u - 49. Determine i(-22).
-5
Let q(t) = -t**3 + t**2 + t + 1. Calculate q(-3).
34
Let v(z) = z**2 + 31*z + 25. What is v(-29)?
-33
Let p(g) = 2*g**2 + 29*g + 45. Determine p(-12).
-15
Let k(d) = -4*d + 27. Give k(11).
-17
Let z(d) = -d**3 - 2*d**2 + 4*d - 2. What is z(-3)?
-5
Let z(x) = -x**2 + 24*x - 139. What is z(12)?
5
Let t(d) = 10*d + 4. Determine t(1).
14
Let h(o) = -2*o + 34. Calculate h(23).
-12
Let m(a) = -a**2 - a + 9. What is m(0)?
9
Let o(p) = p**3 + 4*p**2 + p. Calculate o(-3).
6
Let p(o) = 10*o - 5. Calculate p(2).
15
Let m(j) = 2*j**2 + 60*j + 81. Calculate m(-28).
-31
Let x(k) = k**2 + 17*k + 18. Give x(-8).
-54
Let x(h) = h**2 - 16*h + 32. Give x(15).
17
Let t(n) = 67*n - 593. What is t(9)?
10
Let u(j) = j**3 - 3*j**2 + 2. What is u(2)?
-2
Let x(l) = -l**3 + 23*l**2 - 3*l + 42. Determine x(23).
-27
Let c(g) = 6*g**2 - 10*g + 12. Calculate c(2).
16
Let r(c) = -4*c**3 + 2*c**2 - c - 3. Determine r(2).
-29
Let b(y) = -3*y - 10. Determine b(5).
-25
Let n(b) = 4*b - 15. Give n(11).
29
Let b(c) = c**3 + 7*c**2 - 5*c - 3. Give b(-8).
-27
Let u(w) = 22*w - 41. What is u(2)?
3
Let h(k) = k**2 + 5*k - 81. What is h(9)?
45
Let y(n) = 11*n**2 - 9*n - 4. Calculate y(3).
68
Let n(p) = -p**2 - 13*p + 307. Calculate n(12).
7
Let p(h) = -12*h + 19. What is p(3)?
-17
Let t(a) = 3*a**3 - 2*a**2 + 3*a - 2. Calculate t(2).
20
Let z(m) = m**2 - m + 10. Determine z(8).
66
Let a(u) = 4*u**3 + 2*u**2 - 2*u. Determine a(-2).
-20
Let q(b) = -b - 2. What is q(5)?
-7
Let r(d) = -d**3 + 31*d**2 + 33*d - 9. Give r(32).
23
Let t(o) = -o**3 - 3*o**2 + 4*o + 12. Calculate t(-5).
42
Let p(s) = 5*s + 6. What is p(6)?
36
Let b(g) = 4*g. What is b(-3)?
-12
Let y(f) = -f - 23. What is y(-15)?
-8
Let t(f) = -f**3 + 4*f**2 + 5*f - 5. Give t(5).
-5
Let g(m) = -2*m**2 - 65*m - 145. Calculate g(-30).
5
Let c(x) = -x**2 - 23*x - 10. Determine c(-12).
122
Let x(f) = -86*f - 520. What is x(-6)?
-4
Let f(n) = -2*n**3 + 4*n**2 - 9*n + 10. Calculate f(2).
-8
Let x(i) = i**2 + 10*i + 15. Give x(-10).
15
Let w(d) = -55*d + 1269. What is w(23)?
4
Let r(g) = -g**3 + 10*g**2 + g - 4. What is r(10)?
6
Let j(q) = 2*q**2 + 5*q + 6. Calculate j(-2).
4
Let a(b) = 12*b**3 + b - 2. Give a(1).
11
Let v(n) = n**3 - 18*n**2 - 24. Determine v(18).
-24
Let k(t) = -t**3 + 10*t**2 + 27*t - 29. Give k(12).
7
Let d(x) = -x**3 - 18*x**2 + 42*x + 31. What is d(-20)?
-9
Let l(i) = i**2 + 7*i - 58. Calculate l(5).
2
Let l(a) = -2*a + 7. Give l(4).
-1
Let r(z) = 2*z**3 - 21*z**2 - 8*z. Give r(11).
33
Let l(p) = 17*p - 80. What is l(5)?
5
Let z(t) = -t**2 - 2*t + 1. What is z(4)?
-23
Let w(p) = -p**2 - 4*p - 3. What is w(-7)?
-24
Let s(p) = 2*p**2 - 24*p - 80. Give s(15).
10
Let h(v) = -v**3 + 5*v**2 + 4*v - 5. Determine h(4).
27
Let b(j) = j**3 - 2*j**2 + 2*j - 1. Calculate b(2).
3
Let b(o) = o + 17. Calculate b(-18).
-1
Let r(u) = u**3 - 7*u**2 + 6*u + 6. What is r(6)?
6
Let h(z) = -2*z**2 - 8*z + 11. What is h(-6)?
-13
Let r(b) = b - 28. Determine r(17).
-11
Let n(q) = 8*q + 39. Give n(-5).
-1
Let y(u) = -6*u - 22. Determine y(-8).
26
Let f(r) = 2*r + 53. Calculate f(-29).
-5
Let s(o) = -13*o - 60. Give s(-6).
18
Let d(w) = 2*w + 39. Determine d(-16).
7
Let i(u) = u**3 + 3*u**2 + 3*u + 3. Determine i(-3).
-6
Let p(s) = s**3 - 12*s**2 + 19*s - 7. What is p(10)?
-17
Let w(o) = -o - 13. Determine w(16).
-29
Let u(r) = -r + 3. What is u(-1)?
4
Let l(c) = -c**3 - 6*c**2 - 11*c - 16. What is l(-4)?
-4
Let y(h) = h**3 + 4*h**2 + 6*h + 2. What is y(-2)?
-2
Let y(i) = -i + 10. Give y(0).
10
Let v(l) = l**3 - 7*l**2 - 3*l + 5. Determine v(7).
-16
Let c(j) = 5*j - 76. What is c(15)?
-1
Let u(f) = -f**3 - 8*f**2 + f + 15. Calculate u(-8).
7
Let k(m) = -150*m - 895. Determine k(-6).
5
Let y(n) = n**2 - 7*n + 13. What is y(6)?
7
Let w(o) = 12*o**3 - o**2. Calculate w(-1).
-13
Let s(p) = 2*p + 3. Determine s(-9).
-15
Let h(k) = k - 2. Give h(1).
-1
Let f(b) = -b**3 - 8*b**2 - 2*b + 8. Give f(-6).
-52
Let o(w) = 2*w**2 + 2*w + 9. Give o(-4).
33
Let c(h) = -2*h**3 - 17*h**2 + 6*h - 12. What is c(-9)?
15
Let d(y) = -3*y**2 - 9*y - 26. Give d(-3).
-26
Let k(n) = -2*n**2 - 18*n + 38. Calculate k(-10).
18
Let n(j) = 2*j**2 + 2*j - 1. Give n(-4).
23
Let l(b) = -12*b**2 - 7*b - 6. What is l(-1)?
-11
Let s(u) = u - 2. Calculate s(5).
3
Let x(s) = s**3 + 11*s**2 + 4*s - 63. Give x(-10).
-3
Let r(u) = -u - 4. Determine r(-13).
9
Let m(v) = -v - 3. What is m(-2)?
-1
Let g(n) = n**3 + 14*n**2 + 11*n - 31. Determine g(-13).
-5
Let b(l) = l + 22. Give b(0).
22
Let b(d) = d - 5. Calculate b(-22).
-27
Let t(i) = -i**3 + 10*i**2 - 21*i + 4. Give t(6).
22
Let k(p) = 3*p**2 - 37*p - 9. Give k(7).
-121
Let y(q) = q**2 + 4*q - 5. Determine y(-5).
0
Let y(o) = o**2 + 4*o - 4. Determine y(-5).
1
Let a(v) = 7*v**3 + 4*v + 1. What is a(-2)?
-63
Let j(k) = -2*k + 7. What is j(11)?
-15
Let q(b) = b**3 - 6*b**2 - 21*b + 26. What is q(8)?
-14
Let c(u) = -u**2 - u + 3. Determine c(-4).
-9
Let d(j) = -j**3 + 23*j**2 - 5. Determine d(23).
-5
Let q(f) = -f - 6. Calculate q(-8).
2
Let j(n) = -4*n**2 + 48*n. What is j(12)?
0
Let k(i) = -i**2 + 32*i + 12. Determine k(28).
124
Let i(m) = m**3 + 14*m**2 - 14*m + 45. What is i(-15)?
30
Let d(g) = g**2 + 7*g + 8. What is d(-7)?
8
Let p(j) = -j**2 + 3*j - 4. What is p(5)?
-14
Let o(c) = -c**3 + 36*c**2 - 38*c + 109. Give o(35).
